ors of 174975?
3, 5, 2333
What are the prime factors of 799?
17, 47
List the prime factors of 486.
2, 3
What are the prime factors of 891?
3, 11
List the prime factors of 2066.
2, 1033
List the prime factors of 2313.
3, 257
List the prime factors of 1299.
3, 433
List the prime factors of 8069.
8069
What are the prime factors of 2473?
2473
List the prime factors of 3692.
2, 13, 71
What are the prime factors of 3245?
5, 11, 59
What are the prime factors of 7240?
2, 5, 181
What are the prime factors of 6223?
7, 127
What are the prime factors of 8990?
2, 5, 29, 31
What are the prime factors of 1495?
5, 13, 23
What are the prime factors of 116404?
2, 29101
List the prime factors of 129997.
7, 379
List the prime factors of 3191.
3191
What are the prime factors of 2274?
2, 3, 379
List the prime factors of 72.
2, 3
List the prime factors of 1812.
2, 3, 151
What are the prime factors of 2404?
2, 601
List the prime factors of 36559.
36559
What are the prime factors of 6320?
2, 5, 79
List the prime factors of 2402.
2, 1201
What are the prime factors of 92517?
3, 30839
What are the prime factors of 1820?
2, 5, 7, 13
What are the prime factors of 108769?
108769
List the prime factors of 20981.
20981
What are the prime factors of 3833?
3833
What are the prime factors of 23426?
2, 13, 17, 53
List the prime factors of 1374.
2, 3, 229
What are the prime factors of 818?
2, 409
List the prime factors of 3965.
5, 13, 61
What are the prime factors of 79619?
103, 773
What are the prime factors of 7578?
2, 3, 421
List the prime factors of 2462.
2, 1231
List the prime factors of 2083.
2083
What are the prime factors of 6915?
3, 5, 461
List the prime factors of 2459.
2459
List the prime factors of 14971.
11, 1361
List the prime factors of 1912.
2, 239
List the prime factors of 15470.
2, 5, 7, 13, 17
List the prime factors of 33080.
2, 5, 827
List the prime factors of 117448.
2, 53, 277
List the prime factors of 8219.
8219
List the prime factors of 590.
2, 5, 59
What are the prime factors of 567?
3, 7
List the prime factors of 674.
2, 337
List the prime factors of 13168.
2, 823
List the prime factors of 9262.
2, 11, 421
What are the prime factors of 71031?
3, 23677
List the prime factors of 452.
2, 113
List the prime factors of 3922.
2, 37, 53
List the prime factors of 736.
2, 23
List the prime factors of 1839.
3, 613
What are the prime factors of 21027?
3, 43, 163
What are the prime factors of 19233?
3, 2137
What are the prime factors of 15892?
2, 29, 137
What are the prime factors of 2156?
2, 7, 11
List the prime factors of 961.
31
What are the prime factors of 2883?
3, 31
What are the prime factors of 125?
5
What are the prime factors of 5634?
2, 3, 313
List the prime factors of 72378.
2, 3, 4021
List the prime factors of 2377.
2377
List the prime factors of 2103.
3, 701
What are the prime factors of 459?
3, 17
List the prime factors of 1469.
13, 113
List the prime factors of 3251.
3251
List the prime factors of 11519.
11519
List the prime factors of 3504.
2, 3, 73
List the prime factors of 668.
2, 167
List the prime factors of 33747.
3, 7, 1607
List the prime factors of 5868.
2, 3, 163
List the prime factors of 77515.
5, 37, 419
List the prime factors of 56401.
56401
List the prime factors of 3421.
11, 311
What are the prime factors of 11702?
2, 5851
List the prime factors of 5967.
3, 13, 17
What are the prime factors of 2735?
5, 547
What are the prime factors of 2128?
2, 7, 19
List the prime factors of 1054.
2, 17, 31
What are the prime factors of 17369?
11, 1579
What are the prime factors of 65885?
5, 13177
List the prime factors of 4791.
3, 1597
List the prime factors of 11132.
2, 11, 23
List the prime factors of 8179.
8179
What are the prime factors of 7247?
7247
List the prime factors of 27.
3
What are the prime factors of 19019?
7, 11, 13, 19
List the prime factors of 1422.
2, 3, 79
List the prime factors of 411.
3, 137
List the prime factors of 93.
3, 31
What are the prime factors of 4028?
2, 19, 53
List the prime factors of 2233.
7, 11, 29
List the prime factors of 125.
5
List the prime factors of 2535.
3, 5, 13
List the prime factors of 22416.
2, 3, 467
List the prime factors of 70406.
2, 7, 47, 107
List the prime factors of 15812.
2, 59, 67
List the prime factors of 3966.
2, 3, 661
What are the prime factors of 23041?
23041
List the prime factors of 5619.
3, 1873
What are the prime factors of 1592?
2, 199
What are the prime factors of 81851?
7, 11, 1063
What are the prime factors of 3724?
2, 7, 19
What are the prime factors of 71593?
71593
What are the prime factors of 146829?
3, 17, 2879
List the prime factors of 37191.
3, 7, 11, 23
What are the prime factors of 2477?
2477
List the prime factors of 950.
2, 5, 19
What are the prime factors of 26357?
26357
List the prime factors of 2559.
3, 853
List the prime factors of 8122.
2, 31, 131
What are the prime factors of 10417?
11, 947
What are the prime factors of 1204?
2, 7, 43
List the prime factors of 7354.
2, 3677
List the prime factors of 1933.
1933
What are the prime factors of 10275?
3, 5, 137
What are the prime factors of 56381?
13, 4337
List the prime factors of 4062.
2, 3, 677
List the prime factors of 6304.
2, 197
What are the prime factors of 18204?
2, 3, 37, 41
List the prime factors of 173770.
2, 5, 17377
List the prime factors of 33237.
3, 1231
List the prime factors of 7863.
3, 2621
List the prime factors of 5332.
2, 31, 43
List the prime factors of 32554.
2, 41, 397
What are the prime factors of 3060?
2, 3, 5, 17
List the prime factors of 236.
2, 59
List the prime factors of 2177.
7, 311
List the prime factors of 2162.
2, 23, 47
What are the prime factors of 30113?
30113
List the prime factors of 5352.
2, 3, 223
List the prime factors of 32642.
2, 19, 859
List the prime factors of 319.
11, 29
What are the prime factors of 10205?
5, 13, 157
List the prime factors of 502.
2, 251
What are the prime factors of 520?
2, 5, 13
What are the prime factors of 1817?
23, 79
What are the prime factors of 42686?
2, 7, 3049
List the prime factors of 46250.
2, 5, 37
What are the prime factors of 4925?
5, 197
What are the prime factors of 30962?
2, 113, 137
List the prime factors of 17465.
5, 7, 499
What are the prime factors of 472?
2, 59
List the prime factors of 30404.
2, 11, 691
What are the prime factors of 78?
2, 3, 13
List the prime factors of 6105.
3, 5, 11, 37
List the prime factors of 2798.
2, 1399
What are the prime factors of 4632?
2, 3, 193
List the prime factors of 14896.
2, 7, 19
List the prime factors of 7995.
3, 5, 13, 41
List the prime factors of 3233.
53, 61
List the prime factors of 161.
7, 23
What are the prime factors of 6990?
2, 3, 5, 233
What are the prime factors of 69455?
5, 29, 479
List the prime factors of 7830.
2, 3, 5, 29
List the prime factors of 24273.
3, 29, 31
What are the prime factors of 82?
2, 41
List the prime factors of 8875.
5, 71
What are the prime factors of 237?
3, 79
What are the prime factors of 1249?
1249
List the prime factors of 9178.
2, 13, 353
List the prime factors of 495.
3, 5, 11
List the prime factors of 13586.
2, 6793
What are the prime factors of 2026?
2, 1013
What are the prime factors of 48712?
2, 6089
List the prime factors of 19002.
2, 3, 3167
What are the prime factors of 121792?
2, 11, 173
What are the prime factors of 32781?
3, 7, 223
List the prime factors of 97762.
2, 7, 6983
List the prime factors of 101542.
2, 7, 7253
List the prime factors of 5024.
2, 157
What are the prime factors of 563?
563
What are the prime factors of 32656?
2, 13, 157
What are the prime factors of 940?
2, 5, 47
List the prime factors of 3719.
3719
List the prime factors of 1415.
5, 283
List the prime factors of 24163.
73, 331
What are the prime factors of 3118?
2, 1559
What are the prime factors of 12340?
2, 5, 617
List the prime factors of 2162.
2, 23, 47
List the prime factors of 1288.
2, 7, 23
What are the prime factors of 1683?
3, 11, 17
List the prime factors of 806.
2, 13, 31
List the prime factors of 63335.
5, 53, 239
What are the prime factors of 1460?
2, 5, 73
List the prime factors of 63970.
2, 5, 6397
List the prime factors of 1120.
2, 5, 7
List the prime factors of 945.
3, 5, 7
What are the prime factors of 3379?
31, 109
What are the prime factors of 142